{"id":3430,"date":"2026-03-31T22:21:54","date_gmt":"2026-03-31T20:21:54","guid":{"rendered":"https:\/\/monequipedepoche.com\/index.php\/le-poster-de-mon-equipe-bis\/"},"modified":"2026-04-06T21:58:23","modified_gmt":"2026-04-06T19:58:23","slug":"le-poster-de-mon-equipe-bis","status":"publish","type":"page","link":"https:\/\/monequipedepoche.com\/index.php\/le-poster-de-mon-equipe-bis\/","title":{"rendered":"Le poster de mon \u00e9quipe"},"content":{"rendered":"\n\n\n\n\n\n\n\n\n\n\n\n\n\n\n\n","protected":false},"excerpt":{"rendered":"Le poster de mon \u00e9quipe Un poster personnalis\u00e9 et 25 vignettes pour chaque membre de votre \u00e9quipe. Retrouvez ci-dessous tous les d\u00e9tails de notre offre. Commander Nous contacter Les vignettes Chaque membre de l\u2019\u00e9quipe re\u00e7oit 25 cartes personnalis\u00e9es \u00e0 son effigie, con\u00e7ues avec soin pour refl\u00e9ter l\u2019identit\u00e9 de votre club. Le principe est simple et [...]","protected":false},"author":990002,"featured_media":0,"parent":0,"menu_order":0,"comment_status":"closed","ping_status":"closed","template":"full-width","meta":{"saved_in_kubio":true,"footnotes":""},"class_list":["post-3430","page","type-page","status-publish","hentry"],"kubio_ai_page_context":{"short_desc":"","purpose":"general"},"_links":{"self":[{"href":"https:\/\/monequipedepoche.com\/index.php\/wp-json\/wp\/v2\/pages\/3430","targetHints":{"allow":["GET"]}}],"collection":[{"href":"https:\/\/monequipedepoche.com\/index.php\/wp-json\/wp\/v2\/pages"}],"about":[{"href":"https:\/\/monequipedepoche.com\/index.php\/wp-json\/wp\/v2\/types\/page"}],"author":[{"embeddable":true,"href":"https:\/\/monequipedepoche.com\/index.php\/wp-json\/wp\/v2\/users\/990002"}],"replies":[{"embeddable":true,"href":"https:\/\/monequipedepoche.com\/index.php\/wp-json\/wp\/v2\/comments?post=3430"}],"version-history":[{"count":11,"href":"https:\/\/monequipedepoche.com\/index.php\/wp-json\/wp\/v2\/pages\/3430\/revisions"}],"predecessor-version":[{"id":3512,"href":"https:\/\/monequipedepoche.com\/index.php\/wp-json\/wp\/v2\/pages\/3430\/revisions\/3512"}],"wp:attachment":[{"href":"https:\/\/monequipedepoche.com\/index.php\/wp-json\/wp\/v2\/media?parent=3430"}],"curies":[{"name":"wp","href":"https:\/\/api.w.org\/{rel}","templated":true}]}}