{"id":2476,"date":"2021-11-30T12:46:21","date_gmt":"2021-11-30T11:46:21","guid":{"rendered":"https:\/\/monequipedepoche.com\/?page_id=2476"},"modified":"2026-03-04T20:59:31","modified_gmt":"2026-03-04T19:59:31","slug":"conditions-generales-dutilisation-et-de-vente","status":"publish","type":"page","link":"https:\/\/monequipedepoche.com\/index.php\/conditions-generales-dutilisation-et-de-vente\/","title":{"rendered":"Conditions g\u00e9n\u00e9rales d&#8217;utilisation et de vente"},"content":{"rendered":"","protected":false},"excerpt":{"rendered":"Conditions g\u00e9n\u00e9rales Le site internetwww.monequipedepoche.com(ci-apr\u00e8s la \u00ab Plateforme \u00bb)Est une initiative de :Mon \u00e9quipe de pocheRue de la ramonerie 57, 5032 Bossi\u00e8reN\u00b0 d\u2019entreprise (TVA) : BE0777.342.162N\u00b0 de compte : BE51 0014 9526 1262E-mail :\u00a0monequipedepoche@hotmail.com(ci apr\u00e8s \u00ab Mon \u00e9quipe de poche \u00bb ou le \u00ab Vendeur \u00bb)I. CONDITIONS G\u00c9N\u00c9RALES D'UTILISATION1. Champ d'application Les pr\u00e9sentes conditions g\u00e9n\u00e9rales [...]","protected":false},"author":990002,"featured_media":0,"parent":0,"menu_order":0,"comment_status":"closed","ping_status":"closed","template":"home-page.php","meta":{"saved_in_kubio":true,"footnotes":""},"class_list":["post-2476","page","type-page","status-publish","hentry"],"kubio_ai_page_context":{"short_desc":"","purpose":"general"},"_links":{"self":[{"href":"https:\/\/monequipedepoche.com\/index.php\/wp-json\/wp\/v2\/pages\/2476","targetHints":{"allow":["GET"]}}],"collection":[{"href":"https:\/\/monequipedepoche.com\/index.php\/wp-json\/wp\/v2\/pages"}],"about":[{"href":"https:\/\/monequipedepoche.com\/index.php\/wp-json\/wp\/v2\/types\/page"}],"author":[{"embeddable":true,"href":"https:\/\/monequipedepoche.com\/index.php\/wp-json\/wp\/v2\/users\/990002"}],"replies":[{"embeddable":true,"href":"https:\/\/monequipedepoche.com\/index.php\/wp-json\/wp\/v2\/comments?post=2476"}],"version-history":[{"count":4,"href":"https:\/\/monequipedepoche.com\/index.php\/wp-json\/wp\/v2\/pages\/2476\/revisions"}],"predecessor-version":[{"id":3277,"href":"https:\/\/monequipedepoche.com\/index.php\/wp-json\/wp\/v2\/pages\/2476\/revisions\/3277"}],"wp:attachment":[{"href":"https:\/\/monequipedepoche.com\/index.php\/wp-json\/wp\/v2\/media?parent=2476"}],"curies":[{"name":"wp","href":"https:\/\/api.w.org\/{rel}","templated":true}]}}